{"id":6161,"date":"2024-02-06T13:45:50","date_gmt":"2024-02-06T13:45:50","guid":{"rendered":"https:\/\/thepixelcurve.com\/edubin\/ld\/?page_id=6161"},"modified":"2024-07-16T16:00:35","modified_gmt":"2024-07-16T16:00:35","slug":"mediatheque","status":"publish","type":"page","link":"https:\/\/gsalbayane.ma\/site\/mediatheque\/","title":{"rendered":"M\u00e9diath\u00e8que"},"content":{"rendered":"\t\t<div data-elementor-type=\"wp-page\" data-elementor-id=\"6161\" class=\"elementor elementor-6161\">\n\t\t\t\t<div class=\"elementor-element elementor-element-9ffc096 e-con-full e-flex e-con e-parent\" data-id=\"9ffc096\" data-element_type=\"container\">\n\t\t\t\t<div class=\"elementor-element elementor-element-0cab94c elementor-widget elementor-widget-custom-title-addons\" data-id=\"0cab94c\" data-element_type=\"widget\" data-widget_type=\"custom-title-addons.default\">\n\t\t\t\t<div class=\"elementor-widget-container\">\n\t\t\t<div class=\"tpc-double_heading\"><h3 class=\"dbl__title-wrapper\"><span class=\"dbl__title dbl-title_1\">M\u00e9diath\u00e8que<\/span><\/h3><\/div>\t\t<\/div>\n\t\t\t\t<\/div>\n\t\t\t\t<\/div>\n\t\t<div class=\"elementor-element elementor-element-15352cd e-flex e-con-boxed e-con e-parent\" data-id=\"15352cd\" data-element_type=\"container\">\n\t\t\t\t\t<div class=\"e-con-inner\">\n\t\t\t\t<div class=\"elementor-element elementor-element-22c5a2d elementor-widget elementor-widget-edubin-slider-addons\" data-id=\"22c5a2d\" data-element_type=\"widget\" data-widget_type=\"edubin-slider-addons.default\">\n\t\t\t\t<div class=\"elementor-widget-container\">\n\t\t\t<div class=\"edubin-slider\"><div class=\"edubin-advance-slider-active edubin-pagination \" data-settings=\"{&quot;arrows&quot;:false,&quot;autoplay&quot;:true,&quot;infinite_loop&quot;:true,&quot;autoplay_speed&quot;:12000,&quot;animation_speed&quot;:12000,&quot;pause_on_hover&quot;:false,&quot;pause_on_interaction&quot;:false,&quot;mouse_drag&quot;:false,&quot;touch_drag&quot;:false}\"><div class=\"tpc-slider-carousel swiper swiper-container\"><div class=\"swiper-wrapper\" data-autoplay=\"true\" data-autoplayspeed=\"12000\"><div class=\"swiper-slide\"><div class=\"item-wrap elementor-repeater-item-36068e0\">                                    \r\n                                    <div class=\"slide\" style=\"background-image: url(https:\/\/gsalbayane.ma\/site\/wp-content\/uploads\/2024\/07\/piscine-2-1024x802-1.jpg); background-size: ; background-position: ; \">\r\n\r\n                                    <div class=\"edubin-slider-background-overlay\" ><\/div><div class=\"shape-1\"><\/div><div class=\"shape-2\"><\/div><div class=\"shape-3\"><\/div><div class=\"shape-4\"><\/div><div class=\"container\"><div class=\"row edubin-row\"><div class=\"edubin-col-xl-12 edubin-col-lg-12 edubin-col-md-12 edubin-col-sm-12 content-column\"><div class=\"content-box text-left\"><h3 class=\"edubin-slider-subtitle\" ><\/h3><h1 class=\"slider-title\" >Piscine<\/h1><div class=\"edubin-slider-content\" >La natation est devenue tr\u00e8s importante en milieu scolaire et c'est l'une des priorit\u00e9s du groupe scolaire Albayane. Depuis la maternelle jusqu\u2019au lyc\u00e9e, les enfants b\u00e9n\u00e9ficient du mat\u00e9riels et des installations n\u00e9cessaires au bon d\u00e9roulement d\u2019une s\u00e9ance de natation scolaire.<\/div><div class=\"button-box edubin-slider-btn\"><div class=\"slider-btn-left\"><a href=\"https:\/\/gsalbayane.ma\/site\/notre-campus\/\" class=\"edubin-btn left-btn\">Voir Plus<\/a><\/div><\/div><\/div><\/div><\/div><\/div><\/div><\/div><\/div><div class=\"swiper-slide\"><div class=\"item-wrap elementor-repeater-item-ba8c435\">                                    \r\n                                    <div class=\"slide\" style=\"background-image: url(https:\/\/gsalbayane.ma\/site\/wp-content\/uploads\/2024\/07\/Home_Slide-1024x551-1.jpg); background-size: ; background-position: ; \">\r\n\r\n                                    <div class=\"edubin-slider-background-overlay\" ><\/div><div class=\"shape-1\"><\/div><div class=\"shape-2\"><\/div><div class=\"shape-3\"><\/div><div class=\"shape-4\"><\/div><div class=\"container\"><div class=\"row edubin-row\"><div class=\"edubin-col-xl-12 edubin-col-lg-12 edubin-col-md-12 edubin-col-sm-12 content-column\"><div class=\"content-box text-left\"><h3 class=\"edubin-slider-subtitle\" ><\/h3><h1 class=\"slider-title\" >Un site exceptionnel<\/h1><div class=\"edubin-slider-content\" >Le Groupe scolaire Al Bayane dispose d\u2019un campus \u00e0 Temara, qui propose des installations modernes qui r\u00e9pondent \u00e0 toutes les normes en vigueur. Le nombre de classes est autour de 90 salles \u00e9quip\u00e9es.<\/div><div class=\"button-box edubin-slider-btn\"><div class=\"slider-btn-left\"><a href=\"https:\/\/gsalbayane.ma\/site\/notre-campus\/\" class=\"edubin-btn left-btn\">Voir Plus<\/a><\/div><\/div><\/div><\/div><\/div><\/div><\/div><\/div><\/div><div class=\"swiper-slide\"><div class=\"item-wrap elementor-repeater-item-bb3a706\">                                    \r\n                                    <div class=\"slide\" style=\"background-image: url(https:\/\/gsalbayane.ma\/site\/wp-content\/uploads\/2024\/07\/s1-1024x576-1.jpg); background-size: auto; background-position: ; \">\r\n\r\n                                    <div class=\"edubin-slider-background-overlay\" ><\/div><div class=\"shape-1\"><\/div><div class=\"shape-2\"><\/div><div class=\"shape-3\"><\/div><div class=\"shape-4\"><\/div><div class=\"container\"><div class=\"row edubin-row\"><div class=\"edubin-col-xl-12 edubin-col-lg-12 edubin-col-md-12 edubin-col-sm-12 content-column\"><div class=\"content-box text-left\"><h3 class=\"edubin-slider-subtitle\" ><\/h3><h1 class=\"slider-title\" ><\/h1><div class=\"edubin-slider-content\" ><\/div><div class=\"button-box edubin-slider-btn\"><\/div><\/div><\/div><\/div><\/div><\/div><\/div><\/div><div class=\"swiper-slide\"><div class=\"item-wrap elementor-repeater-item-cae6a8c\">                                    \r\n                                    <div class=\"slide\" style=\"background-image: url(https:\/\/gsalbayane.ma\/site\/wp-content\/uploads\/2024\/07\/s2-1024x576-1.jpg); background-size: ; background-position: ; \">\r\n\r\n                                    <div class=\"edubin-slider-background-overlay\" ><\/div><div class=\"shape-1\"><\/div><div class=\"shape-2\"><\/div><div class=\"shape-3\"><\/div><div class=\"shape-4\"><\/div><div class=\"container\"><div class=\"row edubin-row\"><div class=\"edubin-col-xl-12 edubin-col-lg-12 edubin-col-md-12 edubin-col-sm-12 content-column\"><div class=\"content-box text-left\"><h3 class=\"edubin-slider-subtitle\" ><\/h3><h1 class=\"slider-title\" ><\/h1><div class=\"edubin-slider-content\" ><\/div><div class=\"button-box edubin-slider-btn\"><\/div><\/div><\/div><\/div><\/div><\/div><\/div><\/div><\/div><\/div><div class=\"slider-pagination swiper-pagination\"><\/div><\/div><\/div>\t\t<\/div>\n\t\t\t\t<\/div>\n\t\t\t\t\t<\/div>\n\t\t\t\t<\/div>\n\t\t\t\t<\/div>\n\t\t","protected":false},"excerpt":{"rendered":"<p>M\u00e9diath\u00e8que Piscine La natation est devenue tr\u00e8s importante en milieu scolaire et c&#8217;est l&#8217;une des priorit\u00e9s du groupe scolaire Albayane. Depuis la maternelle jusqu\u2019au lyc\u00e9e, les enfants b\u00e9n\u00e9ficient du mat\u00e9riels et des installations n\u00e9cessaires au bon d\u00e9roulement d\u2019une s\u00e9ance de natation scolaire.Voir Plus Un site exceptionnel Le Groupe scolaire Al Bayane dispose d\u2019un campus \u00e0&#8230;<\/p>\n","protected":false},"author":1,"featured_media":0,"parent":0,"menu_order":0,"comment_status":"closed","ping_status":"closed","template":"","meta":{"footnotes":""},"class_list":["post-6161","page","type-page","status-publish","hentry"],"_links":{"self":[{"href":"https:\/\/gsalbayane.ma\/site\/wp-json\/wp\/v2\/pages\/6161","targetHints":{"allow":["GET"]}}],"collection":[{"href":"https:\/\/gsalbayane.ma\/site\/wp-json\/wp\/v2\/pages"}],"about":[{"href":"https:\/\/gsalbayane.ma\/site\/wp-json\/wp\/v2\/types\/page"}],"author":[{"embeddable":true,"href":"https:\/\/gsalbayane.ma\/site\/wp-json\/wp\/v2\/users\/1"}],"replies":[{"embeddable":true,"href":"https:\/\/gsalbayane.ma\/site\/wp-json\/wp\/v2\/comments?post=6161"}],"version-history":[{"count":23,"href":"https:\/\/gsalbayane.ma\/site\/wp-json\/wp\/v2\/pages\/6161\/revisions"}],"predecessor-version":[{"id":19067,"href":"https:\/\/gsalbayane.ma\/site\/wp-json\/wp\/v2\/pages\/6161\/revisions\/19067"}],"wp:attachment":[{"href":"https:\/\/gsalbayane.ma\/site\/wp-json\/wp\/v2\/media?parent=6161"}],"curies":[{"name":"wp","href":"https:\/\/api.w.org\/{rel}","templated":true}]}}